-1). Let u be 0/(3/(-9)*w). Suppose -i + 1039 - 110 = u. Is i prime?
True
Suppose 43*a = 45*a + 16. Let p = 85 + a. Is p a composite number?
True
Is (-4)/(-8) - 6615/(-6) a composite number?
False
Let k(o) = 4*o - 14. Let v be k(5). Let w be (-84)/(-20) - (-1)/(-5). Is 22/3*v/w prime?
True
Let j(d) = -d**2 + d + 1645. Let h be j(0). Suppose -y = 4*y - h. Is y a composite number?
True
Let k = -15 - -12. Let w = k + 6. Suppose 0 = -w*u + 124 + 221. Is u a prime number?
False
Let u = 11497 + -4500. Is u prime?
True
Suppose 0*g - 10 = -v + 2*g, -3*g + 37 = 5*v. Let d = -1 + v. Is d a composite number?
False
Let a be 2208 + (-2 - -6) + -1. Suppose 1449 = 5*p - a. Suppose 4*q - q - 3*y = 756, 5*y - p = -3*q. Is q prime?
False
Suppose -5*w = 3*y + 21 - 5, -y - 4*w - 17 = 0. Suppose -4*g = 3*c - 1613, -g - y*g = -c - 1601. Is g a composite number?
False
Let j(i) = 1 + 8*i**2 + 4*i - 5*i - 12*i**3 + 11*i**3. Let a be (-7)/(-2)*(0 + 2). Is j(a) composite?
False
Suppose 6*a + 125 - 23 = 0. Let s(j) = -136*j + 5. Is s(a) a prime number?
False
Suppose 2*a - 6*a + 40 = 0. Let m be ((2 - -4) + 4)/2. Suppose 325 = a*x - m*x. Is x a prime number?
False
Let t(s) = 8925*s + 31. Is t(2) a prime number?
True
Let u(j) = -j**3 - 5*j**2 + 4*j - 8. Let b be u(-6). Suppose -b*k - 2910 = -5*i, 4*i + 5*k = 5*i - 561. Is i prime?
False
Let d(o) = 4*o + 8. Let m(h) = -2*h - 4. Let a(u) = 6*d(u) + 13*m(u). Let q be a(-3). Suppose 2*v = q*l - 373 - 251, -l + 297 = 2*v. Is l composite?
False
Suppose 3*x - 3*q - 20 = -x, 4*x - 4*q = 24. Let b be -1 - (-2 + -1*3). Suppose -j - m = -107, 0 = -4*j + x*j + b*m + 226. Is j a composite number?
False
Let g be 14 - (-5 + 4/2). Suppose g*y - 634 = 15*y. Is y prime?
True
Let k(d) = -d**3 - 3*d**2 + 2*d - 4. Let r be k(-4). Suppose 5*m - 1302 = r*b, 6 - 16 = -5*b. Suppose -x + 4*g = -66, -5*x + 183 + m = 3*g. Is x a prime number?
False
Suppose d + 1348 = 3*t + 6*d, -4*d = -5*t + 2222. Is t composite?
True
Let l = -129 + 43. Let n = l - -145. Is n a prime number?
True
Let p(v) = -2*v**2 - 10*v + 16. Let a be p(-11). Is ((-14)/8)/(1/a) a composite number?
True
Suppose -11*l = -6*l - 5, -3*l + 16368 = 3*b. Is b a prime number?
False
Let g(w) = 4528*w**2 + 10*w - 115. Is g(6) a composite number?
True
Is (-1 - -3)*13992/48 a composite number?
True
Suppose 4 = -j, -l + 0*j = -5*j - 1584. Let w(g) = -87*g**2 + 4. Let a be w(-3). Let f = l + a. Is f composite?
True
Suppose n - 24 = -3*n. Suppose -n*m + 8 = -10. Suppose 0 = m*f - 246 - 351. Is f composite?
False
Let p(d) = d**3 - 13 + 5*d + 10*d - 5*d + 3*d**2. Is p(6) a composite number?
True
Suppose 7*u - 2*u + w = -12572, 2*u + 5018 = -4*w. Let x = u - -4308. Is x composite?
True
Let v = -69 - -78. Suppose 10*h - v*h - 257 = 0. Is h a prime number?
True
Let a(k) be the second derivative of k**4/12 + 77*k**2/2 - 11*k. Is a(0) composite?
True
Let a be 366/42 + (-6)/(-21). Let h be 12/a - 1840/12. Let b = 223 + h. Is b a composite number?
False
Let z(o) = -o**2 + 12*o - 11. Let s be z(11). Suppose 418 = 3*m - 3*t - 47, -m + 5*t + 139 = s. Is m composite?
True
Let g = -30 + 38. Suppose -4*w = -g*w + 8. Suppose 0*b = w*b + 2*u - 820, 3*b = -5*u + 1220. Is b prime?
False
Let x(s) be the first derivative of -27*s**4/2 + 2*s**3/3 + s**2/2 - 2*s + 7. Is x(-3) a prime number?
True
Let f = -1074 + 525. Suppose 0 = -2*u - 4*o + 1856, 2*u = 3*u + 5*o - 937. Let y = f + u. Is y a prime number?
True
Let b be 3/5 + (-7)/(-5). Suppose -b*l - 3*j = 15, 0 = -5*j - 18 - 7. Suppose l = 3*k + k - 20, -5*k - 584 = -3*g. Is g composite?
True
Let g be 0 + 1 + (-4 - 245). Let d = g - -1516. Suppose -3*x = x - d. Is x a composite number?
False
Let j = -22529 - -32772. Is j a composite number?
False
Let m(l) = -1651*l + 289. Is m(-12) prime?
True
Suppose 17*j - 21*j + 2332 = 0. Suppose -10*h + 28447 = -j. Is h composite?
False
Let b = 2252 + -1175. Is b a composite number?
True
Let t be 1400/(-18) - (-10)/(-45). Let r be ((-44)/33)/(4/t). Suppose r = m - 5. Is m a composite number?
False
Suppose 17 = -o + 4. Let i(j) = -366*j - 37. Is i(o) a composite number?
False
Suppose -3*n + 88 = -6*n + b, 77 = -2*n - 3*b. Let p = n - -33. Suppose -p*l + 3*t = -662, -l + 0*l - t + 331 = 0. Is l a prime number?
True
Is (-2)/(-3)*(-6)/4*-1403 composite?
True
Is 2274*(8 + 141/(-18)) composite?
False
Let j = -13 - -13. Let h be 2*9*(-52)/(-12). Is 8/8 - (j - h) composite?
False
Let g = 644 + 349. Let u = -248 + g. Is u a prime number?
False
Let r be (-85)/(-25) - (-6)/10. Suppose -2*t - p = p - 2280, -4555 = -r*t - 3*p. Is t composite?
True
Suppose -x + a = -1, -3*a = -2*x + 3*x - 13. Suppose -x*v - m = 2*m - 3463, -3*m = -3*v + 2592. Is v a prime number?
False
Let t(h) = h**2 - h - 1. Let r(j) = -8196*j**3 + 5*j + 2. Let n(m) = r(m) + 4*t(m). Is n(-1) composite?
True
Suppose 1932 = 6*p - 1500. Let n = p + 195. Is n prime?
False
Let u(s) = -196*s - 51. Is u(-28) a prime number?
True
Suppose 116*z = 111*z + 2045. Is z a composite number?
False
Suppose -42 = -4*c - 5*l + 84, -5*l - 10 = 0. Let p = -31 + c. Suppose 3*b - 84 = 5*d, -14 = -b - 0*b - p*d. Is b composite?
False
Let s be (-403)/52 - 1/8*2. Is -2 - 9722/s - 9/36 prime?
True
Let f(z) = -z**2 + 1. Let k be f(0). Let o be k/(-3) - 8/(-24). Suppose o = -5*l + 435. Is l prime?
False
Let n = -87 + 101. Is 178495/203 - (0 - (-4)/n) a composite number?
True
Let q(h) = 572*h**2 + h + 13. Is q(8) a prime number?
True
Let p(h) = -h**3 + h**2 + 2*h + 811. Let c be (0/(-4))/(1 + 1). Is p(c) prime?
True
Let b = 5151 - 604. Is b a composite number?
False
Suppose 5*f = 2*a + 16, 5*a - 4*f = -19 - 21. Let s be 3*(a/3)/2. Let x(c) = -4*c**3 - c**2 + 2*c + 3. Is x(s) a composite number?
True
Let t(s) = s**3 + 5*s**2 + 4*s + 4. Let q be t(-4). Suppose 0 = -2*y - 2*x - 6, q*y + x + 15 = -y. Is (-1)/y - 1248/(-9) prime?
True
Let y = 4107 + -2146. Let t = y + -1288. Is t a composite number?
False
Let g(k) = k**3 - 6*k**2 + 2*k - 4. Let z be g(6). Let n be ((-12)/z)/(3/(-2228)). Suppose 2*b + 0*b - n = 0. Is b a composite number?
False
Suppose -5*a = -c + 2616, a - c + 504 = 4*c. Is 2*5/(-40)*a a composite number?
False
Let d be ((-3)/(-6))/((-2)/(-224)). Let h = 347 - d. Is h composite?
True
Is 9/4 - (-567735)/84 prime?
True
Let y(t) = 14374*t + 19. Is y(12) composite?
False
Suppose 0 = -l + 4*i + 355, -4*l + 5*i + 1097 + 367 = 0. Let w = l + -519. Let b = 219 + w. Is b a prime number?
True
Let f(m) = -40*m**3 + 15*m + 7. Is f(-3) prime?
False
Let w be (0 + 0)/(-28 + 29). Suppose -6571 = -b + 4*j, 5*b = -w*j + j + 32798. Is b a composite number?
True
Suppose -2*v + 12 = 2*v. Suppose 8*b - 65 = v*b. Is b composite?
False
Let g(r) = 19*r**2 - r + 1. Suppose 11 = -2*c + 19. Let j = c - 3. Is g(j) prime?
True
Suppose -4*y = 11*y. Let n be (-3 - -1)*19/(-2). Suppose 4*v + h - 49 = y, 78 - n = 5*v + 2*h. Is v composite?
False
Let j = 1348 + 341. Is j a prime number?
False
Let p = -2910 + -4491. Is p/(-7) + (-4)/14 prime?
False
Is 28771 + 2/5 + 168/30 a prime number?
False
Let b(h) = 10*h**2 + 14*h - 21. Suppose -12*a + 11*a + 17 = 0. Is b(a) composite?
True
Let c(a) = 4*a**2 - 5*a**3 + 2*a**3 - a + 4*a**3 + 4*a + 4. Let u be c(3). Suppose 163 = g - u. Is g a composite number?
False
Is (20/6 - 4)*(-91737)/6 prime?
True
Let o(g) = 8257*g + 221. Is o(4) prime?
False
Let x(u) = -u**2 - 12. Let m = 3 - -3. Let h be x(m). Let c = h - -127. Is c composite?
False
Let n(w) be the second derivative of 103*w**3/3 + 11*w**2/2 + 18*w. Is n(5) a composite number?
True
Let c = 75 - 31. Suppose -c = -4*u + 5*u. Let v = u + 222. Is v a composite number?
True
Suppose 3*d - 6 = 15. Suppose -d*g - 141 = -6*g. Let k = -58 - g. Is k a prime number?
True
Suppose k + 1 = 2*n, 2*n + 5*k + 31 = -n. Let b be (0/(3 - -1))/n. Suppose 6*r - r - 425 = b. Is r prime?
False
Let y(q) = -6*q**3 - 2*q**2 - 29*q - 139. Is y(-6) composite?
False
Let d(z) = -z + 1. Let j(f) = -167*f + 5. Let r(b) = -6*d(b) + j(b). Let y be r(-1). Suppose 0 = 3*t - y - 89. Is t a prime number?
True
Let p(j) = 3*j + 3. Let c be p(4). Suppose 11*l = c*l - 1036. Is l composite?
True
Let k = -53459 - -79762. Is k composite?
True
Suppose -20*f + 22*f = 69508. Is f a prime number?
False
Let t(m) = m**3 - 5*m**2 - m + 10. Suppose 5*j - 12 = 13. Let d be t(j). Suppo